+ 10. Calculate n(-4).
-46
Let d(l) = -l**3 - 2*l**2 + 87*l + 370. Determine d(-6).
-8
Let q(z) = -z**3 - 11*z**2 + 111*z - 817. What is q(-19)?
-38
Let q(l) = -46*l + 1953. Give q(44).
-71
Let h(i) = 5*i**3 + 6*i**2 + 2*i - 6. Give h(1).
7
Let l(a) = -a**3 - 6*a**2 + 43*a + 230. Calculate l(6).
56
Let t(q) = q**2 + 19*q - 426. What is t(13)?
-10
Let k(y) = y**3 - 8*y**2 - 36*y + 13. Give k(6).
-275
Let i(s) = 3005*s - 8992. What is i(3)?
23
Let b(w) = -68*w - 444. Give b(-7).
32
Let f(b) = -b**3 + b**2 - 3151*b + 9465. Calculate f(3).
-6
Let j(v) = 4*v - 216. Determine j(42).
-48
Let w(t) = -3*t**3 + 10*t**2 - 14*t - 5. Calculate w(5).
-200
Let u(l) = l**3 - 11*l**2 - 11*l - 16. Determine u(11).
-137
Let o(x) = 23*x + 26. What is o(3)?
95
Let j(d) = -d**2 - d + 17. Determine j(-9).
-55
Let y(i) = -116*i - 59. What is y(-1)?
57
Let v(o) = 4*o**2 - 166*o + 29. Calculate v(46).
857
Let b(i) = 89*i - 620. What is b(7)?
3
Let y(r) = -2*r**2 + 71*r - 258. Calculate y(32).
-34
Let h(w) = -w**3 + 19*w**2 + 12*w - 13. What is h(20)?
-173
Let b(r) = r**2 + 28*r - 103. Give b(-31).
-10
Let m(o) = -700*o - 2453. Calculate m(-4).
347
Let j(l) = -28*l + 80. What is j(9)?
-172
Let n(y) = 10*y**2 + 91*y - 354. Determine n(-12).
-6
Let a(v) = -4*v - 73. Determine a(-19).
3
Let y(v) = -16*v - 793. Calculate y(-15).
-553
Let k(x) = x**2 - 1166*x - 2338. What is k(-2)?
-2
Let b(t) = 2*t - 155. What is b(-7)?
-169
Let t(a) = -14*a**2 - 1357*a + 85. Give t(-97).
-12
Let t(x) = -3*x**3 - 301*x**2 - 686*x - 7. Determine t(-98).
-7
Let c(u) = 266*u + 31932. What is c(-120)?
12
Let f(c) = 212*c + 2116. Give f(-8).
420
Let l(b) = -178*b - 1959. What is l(-11)?
-1
Let n(x) = -2*x**3 + 238*x**2 - 687*x - 1055. Give n(116).
-11
Let q(t) = 649*t + 18247. Determine q(-28).
75
Let i(s) = -3*s**3 + 41*s**2 - 4*s + 249. Determine i(14).
-3
Let p(v) = 3*v**2 + 2732*v - 5468. Determine p(2).
8
Let i(z) = -309*z + 7693. Give i(25).
-32
Let q(l) = -l**2 + 30*l + 510. Determine q(28).
566
Let w(z) = 32*z - 328. Determine w(13).
88
Let j(g) = 31*g - 931. Give j(30).
-1
Let n(p) = -4*p**3 - 230*p**2 + 113*p - 168. Give n(-58).
6
Let a(c) = -626*c + 1849. Give a(3).
-29
Let f(h) = 110*h - 597. Calculate f(6).
63
Let m(y) = -269*y**2 - 24*y + 22. Calculate m(1).
-271
Let x(v) = v**2 + 8*v - 352. Give x(-23).
-7
Let n(d) = 143*d - 4954. Determine n(35).
51
Let u(x) = x**3 + 170*x**2 - 65*x - 11057. Give u(-170).
-7
Let w(j) = -j**3 - 24*j**2 - 50*j + 44. What is w(-3)?
5
Let c(v) = -2*v**2 + 46*v - 283. Give c(6).
-79
Let d(l) = 1325*l + 27820. Give d(-21).
-5
Let r(v) = 28*v + 951. Calculate r(-34).
-1
Let m(g) = -6*g + 123. What is m(6)?
87
Let z(o) = -2*o**2 - 157*o + 2616. Calculate z(14).
26
Let d(n) = 4*n**2 + 142*n - 141. Give d(1).
5
Let c(d) = -d**3 - 13*d**2 + 49*d + 79. Give c(4).
3
Let k(q) = -16012*q + 48046. Give k(3).
10
Let n(s) = 6*s**2 - 9*s - 5. Determine n(-4).
127
Let f(t) = -2*t**3 - 101*t**2 + 55*t - 5. Determine f(-51).
-209
Let p(l) = -56*l - 1345. Calculate p(-28).
223
Let p(q) = -4*q**2 + 12*q - 10. Determine p(6).
-82
Let o(z) = z**2 + 37*z - 1136. What is o(-58)?
82
Let o(b) = -b**2 + 7*b - 38. Determine o(0).
-38
Let s(b) = -2*b**2 + 148*b + 4233. Give s(-22).
9
Let u(s) = 4*s - 204. What is u(3)?
-192
Let p(d) = 2*d**3 + 21*d**2 - 24*d - 122. Determine p(-9).
337
Let h(s) = -3*s**2 - 266*s + 799. Give h(3).
-26
Let t(o) = -25*o + 2355. What is t(89)?
130
Let c(j) = j**3 + 56*j**2 + 90*j - 964. Give c(-54).
8
Let r(t) = -t**3 - 28*t**2 + 41*t + 344. Calculate r(4).
-4
Let h(p) = p**2 + 32*p - 185. What is h(6)?
43
Let v(s) = 9*s**3 + 204*s**2 - 67*s + 51. Calculate v(-23).
5
Let r(b) = -2*b**3 + 4*b**2 - 218*b + 434. Determine r(2).
-2
Let c(p) = -193*p - 378. What is c(-2)?
8
Let x(r) = -451*r + 2962. Give x(6).
256
Let q(u) = 31*u + 279. Determine q(-13).
-124
Let s(m) = -5*m**2 - 115*m - 827. Calculate s(-7).
-267
Let i(h) = -h**3 + 15*h**2 - 33*h + 160. What is i(14)?
-106
Let u(j) = -52*j - 151. What is u(-4)?
57
Let u(l) = 16*l + 205. Give u(-12).
13
Let f(y) = -3*y**3 - 39*y**2 + y + 410. What is f(-12)?
-34
Let l(m) = 6*m**3 - 55*m**2 + 8*m + 31. Give l(9).
22
Let f(m) = -4*m**3 + m**2 + 14*m + 26. Give f(-2).
34
Let u(l) = 3*l**3 + 61*l**2 - 42*l + 3. Calculate u(-21).
3
Let f(j) = j**3 - 2*j**2 + 459*j - 912. Give f(2).
6
Let y(w) = -4*w**3 + 201*w**2 + 153*w + 2. Determine y(51).
2
Let c(y) = -12*y**3 + 12*y**2 + 25*y + 1. Calculate c(-2).
95
Let h(d) = 17*d**3 + 1562*d**2 - 182*d + 171. Give h(-92).
-13
Let i(s) = -s**3 + 12*s**2 - 32*s + 19. Give i(8).
19
Let v(l) = 3*l**2 - 22*l - 755. What is v(20)?
5
Let k(t) = 2*t**3 - 39*t**2 - 12*t - 154. Calculate k(20).
6
Let f(w) = -w**3 - 17*w**2 - 25*w + 45. Calculate f(-15).
-30
Let m(l) = -16*l**2 - 82*l + 8. What is m(-5)?
18
Let p(y) = 5*y**3 + 9*y**2 - 3*y - 25. Give p(-5).
-410
Let n(v) = -4*v**2 - 25*v - 50. Give n(-8).
-106
Let z(b) = -649*b - 3208. Give z(-5).
37
Let r(l) = 117*l + 134. Calculate r(-7).
-685
Let x(g) = g**3 - 76*g**2 + 157*g - 755. What is x(74)?
-89
Let a(t) = t**3 - 26*t**2 + 90*t - 9. Give a(4).
-1
Let b(z) = -2*z**3 + 29*z**2 - 73*z + 146. Calculate b(12).
-10
Let f(a) = -281*a + 13. What is f(1)?
-268
Let v(s) = 6*s**2 + 101*s + 451. Give v(-8).
27
Let i(v) = 24*v + 179. Give i(0).
179
Let x(r) = -8*r**2 - 1054*r + 2423. What is x(-134)?
11
Let a(n) = 8*n**2 + 59*n + 21. Calculate a(-7).
0
Let b(l) = -l**2 - 66*l - 968. Determine b(-22).
0
Let r(c) = 1015*c + 8122. What is r(-8)?
2
Let w(t) = t**3 - 109*t**2 - 341*t + 548. Give w(112).
-12
Let j(t) = 2*t**2 - 93*t + 9. Determine j(47).
56
Let z(t) = t**3 + 5*t**2 - 3759*t - 7520. Calculate z(-2).
10
Let t(w) = 9*w**2 + 6*w - 2214. Give t(-16).
-6
Let p(v) = 32*v - 184. Calculate p(0).
-184
Let l(z) = -z**2 + 23*z + 118. What is l(-4)?
10
Let o(i) = 158*i + 110. Give o(-2).
-206
Let a(h) = 31*h**3 + 2*h**2 - 4*h + 6. Calculate a(2).
254
Let n(z) = -10*z**3 + 5*z**2 - 16*z + 24. Give n(3).
-249
Let k(s) = 1747*s - 131033. Calculate k(75).
-8
Let z(s) = -s**3 - 26*s**2 + 10*s + 141. Give z(-26).
-119
Let y(g) = -820*g - 1635. Calculate y(-2).
5
Let t(v) = -44*v + 1508. Calculate t(35).
-32
Let d(x) = 3*x**2 + 70*x + 247. Calculate d(-18).
-41
Let z(y) = -y**2 + 60*y - 899. Calculate z(29).
0
Let m(f) = f**3 + 8*f**2 - 14*f - 19. Calculate m(-9).
26
Let h(j) = -j**3 - 19*j**2 + 47*j + 103. Give h(-21).
-2
Let s(b) = 5*b**3 + 127*b + 126. Give s(-1).
-6
Let i(v) = v**3 - 3*v**2 - 30*v + 1. Calculate i(-4).
9
Let p(c) = -64*c - 451. Calculate p(-8).
61
Let l(j) = j**3 - 24*j**2 + 35. Give l(0).
35
Let k(l) = l**3 + 113*l**2 - 232*l - 240. Calculate k(-115).
-10
Let i(o) = -2*o**3 + 549*o**2 + 274*o + 255. Calculate i(275).
-20
Let v(p) = -93*p**2 + 5*p + 4. Give v(-2).
-378
Let w(x) = -15*x - 4. Give w(0).
-4
Let i(c) = -15*c**2 - 6*c + 9. Determine i(1).
-12
Let w(i) = -2*i**3 - 21*i**2 - 37*i - 246. Give w(-10).
24
Let v(n) = 28*n**2 - 5*n - 1. Determine v(1).
22
Let n(u) = 2*u**2 + 25*u - 294. Give n(7).
-21
Let k(j) = 5*j**3 - 48*j**2 + 70*j - 46. What is k(8)?
2
Let u(q) = -7*q**2 - 782*q - 782. What is u(-1)?
-7
Let k(r) = -7*r**2 + 54*r - 112. What is k(2)?
-32
Let t(g) = -3968*g - 51589. What is t(-13)?
-5
Let r(x) = 3*x**3 + x**2 - 18*x - 8. Give r(-3).
-26
Let x(z) = -9*z - 150. Calculate x(-12).
-42
Let b(x) = x**3 + 25*x**2 - 171*x - 5008. Determine b(-23).
-17
Let r(h) = -807*h + 40370. Give r(50).
20
Let f(d) = d**2 + 13*d - 3. Calculate f(-13).
-3
Let r(k) = -3*k**2 - 478*k - 165. What is r(-159)?
-6
Let s(g) = 9*g - 1003. Determine s(7).
-940
Let v(d) = 29*d - 895. Give v(32).
33
Let i(t) = 74*t + 162. What is i(-4)?
-134
Let r(w) = -67*w - 490. Give r(-8).
46
Let t(u) = 178*u**3 - 6*u**2 + 4*u + 9. Determine t(-1).
-179
Let l(x) = -198*x - 159. Give l(-1).
39
Let q(h) = -3*h**3 - 10*h**2 + 87*h - 9. Determine q(4).
-13
Let v(l) = -6*l**3 + 9*l**2 - l + 2. Determine v(-4).
534
Let z(g) = -782*g + 10845. What is z(14)?
-103
Let k(s) = -s**3 + 31*s**2 - 36*s + 48. Give k(30).
-132
Let n(x) = -1393*x - 6964. Determine n(-5).
1
Let r(n) = 5*n - 13. Give r(10).
37
Let z(y) = -11*y**2 + 73*y + 1. What is z(6)?
43
Let a(t) = 46*t + 54. Determine a(-2).
-38
Let b(v) = -13*v + 16. Give b(5).
-49
Let k(q) = 3*q**2 